Let h(m) = 13*m**2 - 4*m - 10. What is h(5)?
295
Let u(f) = -f**2 - 53*f - 578. Calculate u(-39).
-32
Let s(d) = 328*d + 389. Calculate s(-1).
61
Let f(t) = -253*t - 235. Give f(-1).
18
Let j(o) = o**3 + 67*o**2 + 24*o + 1610. What is j(-67)?
2
Let w(c) = c**3 - 73*c**2 + 20*c - 1457. Determine w(73).
3
Let m(w) = -199*w - 5007. Determine m(-25).
-32
Let s(r) = r**2 - 23*r + 389. What is s(30)?
599
Let i(y) = -y**2 - 37*y - 202. Calculate i(-26).
84
Let v(g) = -103*g**3 + 5*g**2 - 21*g - 26. Give v(-1).
103
Let q(r) = -3*r - 12. Give q(-5).
3
Let v(y) = -y - 283. What is v(-33)?
-250
Let f(c) = c**3 - 13*c**2 + 337*c - 2071. Determine f(7).
-6
Let v(q) = -3*q**2 - 59*q + 7. Determine v(-20).
-13
Let b(c) = -3*c**2 - 58*c + 186. Determine b(3).
-15
Let h(r) = -20*r + 9. Give h(3).
-51
Let x(i) = i**3 - 20*i**2 - 12*i + 607. Give x(19).
18
Let m(o) = 27*o + 1691. Calculate m(-65).
-64
Let c(i) = i**2 - 48*i + 363. Give c(9).
12
Let h(s) = -11*s**2 + 28*s - 11. What is h(2)?
1
Let t(b) = 32*b + 638. Determine t(-20).
-2
Let c(o) = 3458*o - 13837. What is c(4)?
-5
Let q(x) = -4*x**2 + 23*x - 39. Determine q(2).
-9
Let c(g) = -g**3 + 12*g**2 - 7*g - 8. What is c(8)?
192
Let g(y) = -1230*y - 7533. Determine g(-6).
-153
Let t(s) = -2219*s + 13183. What is t(6)?
-131
Let i(y) = -58*y + 3727. Calculate i(64).
15
Let x(i) = -2*i**3 - 16*i**2 - 35*i - 15. Determine x(-5).
10
Let h(b) = b**3 + 10*b**2 + 5*b - 18. Calculate h(-10).
-68
Let z(f) = -72*f - 2940. Calculate z(-41).
12
Let m(d) = 23*d - 36. What is m(13)?
263
Let v(t) = -t**2 + 127*t + 665. Give v(-5).
5
Let d(t) = -t**3 - 58*t**2 + 1016*t + 569. What is d(-72)?
-7
Let c(h) = -15*h - 1425. Give c(-95).
0
Let u(f) = -2*f**2 + 133*f - 181. What is u(65)?
14
Let l(t) = -t**2 + 25*t - 23. Determine l(30).
-173
Let a(h) = -h**2 + 143*h + 6879. Determine a(181).
1
Let r(b) = -50*b**2 - 549*b + 23. What is r(-11)?
12
Let y(f) = -6*f**2 - 183*f + 124. Give y(-31).
31
Let i(a) = 4*a + 28. Give i(-8).
-4
Let k(r) = -3*r**2 - 127*r - 1333. Calculate k(-18).
-19
Let i(d) = -2*d**3 + 12*d**2 - 6*d - 11. What is i(5)?
9
Let q(p) = -p**3 + 47*p**2 - 49*p + 191. Determine q(46).
53
Let v(u) = 2*u**3 + 31*u**2 + 38*u - 38. Calculate v(-14).
18
Let u(n) = -53*n - 400. What is u(-9)?
77
Let z(a) = -a**3 - 72*a**2 - 71*a - 4. Calculate z(-71).
-4
Let g(f) = -f**3 - 34*f**2 - 37*f - 263. Give g(-33).
-131
Let o(d) = 117*d - 465. Calculate o(4).
3
Let i(z) = -22*z**3 + 107*z**2 - 9*z + 34. Give i(4).
302
Let x(k) = -66*k + 1166. Give x(13).
308
Let v(p) = 9*p**2 - 85*p + 171. What is v(2)?
37
Let x(g) = -g**2 - 78*g - 1371. What is x(-51)?
6
Let i(z) = -1627*z**2 + 1627*z - 4. What is i(1)?
-4
Let t(c) = -2*c**2 + 6058*c - 6057. What is t(1)?
-1
Let m(g) = 6*g**3 + 3*g**2 - 5*g + 27. What is m(3)?
201
Let m(r) = -r**2 - 17*r + 33. What is m(4)?
-51
Let s(r) = -r**2 - 7*r + 275. What is s(13)?
15
Let w(g) = -2*g - 90. Determine w(-5).
-80
Let r(u) = u**3 + 6*u**2 + 104*u + 628. Determine r(-6).
4
Let t(o) = 2*o**3 - 15*o**2 - 27*o - 1. Calculate t(-2).
-23
Let q(n) = -n**3 - 5*n**2 + 6*n + 3. What is q(-9)?
273
Let v(m) = -9*m - 465. Calculate v(-51).
-6
Let o(j) = j**3 - 39*j**2 + 305*j + 428. What is o(27)?
-85
Let g(u) = 67*u - 227. What is g(3)?
-26
Let f(h) = 19*h - 386. Determine f(20).
-6
Let a(l) = l**3 + 41*l**2 + 44*l + 94. Calculate a(-40).
-66
Let m(c) = 3*c**3 + c**2 - 12*c - 109. Give m(4).
51
Let n(b) = b**2 + 76*b + 806. Determine n(-13).
-13
Let u(j) = 1343*j + 24. Calculate u(0).
24
Let h(z) = -11*z**2 - 262*z + 31. Give h(-24).
-17
Let d(m) = 25*m - 507. What is d(20)?
-7
Let d(r) = -132*r - 19538. What is d(-148)?
-2
Let t(c) = 61*c - 237. Calculate t(-2).
-359
Let f(i) = -i**3 - 7*i**2 - 175*i - 849. Give f(-5).
-24
Let o(p) = 7*p**2 + 73*p - 1414. What is o(10)?
16
Let t(n) = n**3 - 30*n**2 + 27*n + 76. What is t(29)?
18
Let u(q) = q**3 - 12*q**2 + 8*q - 269. Give u(13).
4
Let i(r) = 13*r**2 + 121*r + 173. Calculate i(-7).
-37
Let g(v) = v**3 - 14*v**2 + 8*v - 3. Calculate g(4).
-131
Let g(k) = 2281*k - 294251. Determine g(129).
-2
Let x(z) = -z**3 - 26*z**2 - 130*z + 10. What is x(-7)?
-11
Let f(r) = -25*r**2 + 279*r + 63. Determine f(11).
107
Let u(o) = -83*o - 2079. Give u(-25).
-4
Let g(a) = -2*a**3 - 16*a**2 - 38*a + 6. What is g(-3)?
30
Let i(z) = 4*z**2 + 16*z - 63. Calculate i(5).
117
Let l(v) = 2*v**3 - 56*v**2 + 389*v + 57. Give l(13).
44
Let k(l) = -l**2 + 242*l + 1729. Calculate k(-7).
-14
Let l(y) = -2*y**3 - 12*y**2 + 3*y. What is l(-8)?
232
Let i(a) = a**2 - 91*a + 126. Give i(84).
-462
Let n(i) = -87*i - 906. Determine n(-11).
51
Let a(d) = 3*d**2 + 100*d + 282. Calculate a(-30).
-18
Let s(p) = 111*p - 10. Calculate s(0).
-10
Let w(a) = a**3 - 22*a**2 + 41*a - 26. Give w(20).
-6
Let w(k) = k**2 + 46*k + 482. Determine w(0).
482
Let n(q) = 3*q**3 + 3*q**2 + 2*q - 3. Give n(0).
-3
Let w(t) = -138*t**2 - 31*t - 31. Give w(-1).
-138
Let z(w) = 18*w**2 + 994*w + 98. What is z(-55)?
-122
Let b(c) = c**2 - 85*c + 1793. Give b(49).
29
Let j(r) = -1376*r - 9. Determine j(0).
-9
Let n(m) = -7*m**3 - m**2 + 20*m + 31. What is n(-3)?
151
Let o(u) = -u**2 - 50*u - 185. What is o(-46)?
-1
Let y(f) = 2*f**2 - 112*f - 341. Determine y(59).
13
Let a(y) = y**3 + 14*y**2 + 5*y - 89. What is a(-3)?
-5
Let v(l) = 2*l**3 + 10*l**2 + 6*l - 11. Determine v(-5).
-41
Let r(w) = 9*w**2 + 407*w + 18. Determine r(-45).
-72
Let t(f) = f**3 - 11*f**2 + 22*f - 6. Calculate t(8).
-22
Let d(v) = v**3 + 19*v**2 - 98*v - 2236. Calculate d(-17).
8
Let c(z) = -4*z**2 - 8*z + 55. Determine c(-11).
-341
Let n(g) = g**2 - 162*g + 39. Give n(162).
39
Let d(i) = -i**3 + 81*i**2 - 35*i - 3620. What is d(80)?
-20
Let z(u) = 538*u + 3592. Determine z(-7).
-174
Let q(h) = h**2 + 3*h - 7. Calculate q(-7).
21
Let y(s) = -28*s**2 + 217*s - 8. Give y(7).
139
Let a(n) = -n**2 + 44*n + 264. Calculate a(-8).
-152
Let d(h) = -143*h + 5511. What is d(39)?
-66
Let f(j) = -209*j + 3752. Calculate f(18).
-10
Let k(b) = -b**2 - 91*b - 387. Determine k(-84).
201
Let y(z) = -2*z**2 - 496*z - 4277. Calculate y(-9).
25
Let u(b) = 6*b + 309. What is u(-31)?
123
Let n(g) = g**3 - 19*g**2 - 95*g + 62. Determine n(23).
-7
Let f(h) = -6*h**3 - 4*h - 34. Calculate f(-3).
140
Let g(z) = -7*z**3 - 3*z**2 + 6*z + 4. Determine g(3).
-194
Let i(y) = -y**3 - 2*y**2 + 11*y - 16. Determine i(-5).
4
Let i(q) = q**2 - 18*q + 79. Determine i(5).
14
Let l(u) = 2*u**3 - 18*u**2 - 34*u - 57. Give l(10).
-197
Let x(r) = r**3 - 9*r**2 + r - 34. Determine x(7).
-125
Let f(d) = d**2 - 4*d - 26. Give f(11).
51
Let m(h) = 3*h**2 + 25*h + 31. What is m(-8)?
23
Let c(z) = -z**3 + 36*z**2 - 25*z + 1. Calculate c(35).
351
Let k(h) = -340*h + 1354. Give k(4).
-6
Let w(n) = -1058*n - 10. Give w(0).
-10
Let j(v) = 37*v + 632. Give j(-21).
-145
Let q(z) = z**3 + 17*z**2 - 1734*z - 40. Determine q(-51).
-40
Let q(u) = -2*u**3 - 30*u**2 - 67*u + 7. What is q(-12)?
-53
Let b(c) = -c**3 - c**2 + 18*c - 25. What is b(2)?
-1
Let f(i) = -10*i**2 + 107*i - 10. Determine f(10).
60
Let j(a) = -1442*a - 12983. What is j(-9)?
-5
Let y(b) = -b**2 - 331*b - 2261. What is y(-7)?
7
Let g(v) = -24*v**2 - 1270*v + 1406. Calculate g(-54).
2
Let s(b) = 88*b + 39. Calculate s(-1).
-49
Let u(o) = -o**2 - 11*o - 13. Give u(-7).
15
Let h(n) = -84*n - 467. Calculate h(-6).
37
Let y(j) = j**3 - 35*j**2 + 294*j - 5. Determine y(14).
-5
Let g(c) = -12*c**2 + 109*c + 42. What is g(9)?
51
Let y(m) = m**2 + 8086*m - 24264. Determine y(3).
3
Let b(x) = 2*x**2 - 99*x + 618. Calculate b(42).
-12
Let l(r) = 82*r - 480. Calculate l(6).
12
Let g(u) = 319*u - 2837. Calculate g(9).
34
Let l(j) = -89*j - 61. Give l(-1).
28
Let f(v) = -31*v**3 + 6*v**2 - 3*v - 9. Give f(-1).
31
Let w(t) = -8*t**3 - 941*t**2 + 361*t + 835. Determine w(-118).
9
Let g(r) = 21*r + 312. Determine g(-14).
18
Let p(s) = -7*s**2 - 642*s - 410. Determine p(-91).
45
Let o(x) = x**3 - 10*x**2 + x + 30. Give o(11).
162
Let g(j) = -53*j - 448. What is g(-15)?
347
Let v(h) = h**3 + 43*h**2 + 119*h - 65. Give v(-40).
-25
Let c(n) = -n**3 - 30*n**2 + 28*n + 166. Give c(-31).
259
Let g(q) = q**2 - 76*q + 1214. Give g(53).
-5
Let x(c) = c**3 - 37*c**2 + 7*c + 102. Determine x(37).
361
Let o(g) = -g**3 - g**2 - 58*g + 384. Calculate o(6).
-216
Le